s 2 divide 33?
False
Is 18 a factor of 2032?
False
Is 15 a factor of 857?
False
Is 10 a multiple of 3?
False
Does 7 divide 168?
True
Is 3 a factor of 12828?
True
Does 20 divide 660?
True
Is 25 a factor of 1630?
False
Does 37 divide 222?
True
Does 43 divide 979?
False
Does 21 divide 3885?
True
Does 12 divide 2916?
True
Is 13745 a multiple of 43?
False
Is 17018 a multiple of 67?
True
Does 15 divide 3120?
True
Is 6821 a multiple of 88?
False
Is 4360 a multiple of 5?
True
Is 1656 a multiple of 24?
True
Does 62 divide 806?
True
Does 16 divide 576?
True
Is 10 a factor of 1922?
False
Is 48 a factor of 1344?
True
Does 14 divide 5777?
False
Is 2983 a multiple of 6?
False
Does 3 divide 19734?
True
Does 7 divide 35?
True
Is 423 a multiple of 47?
True
Is 62 a multiple of 31?
True
Is 6061 a multiple of 54?
False
Does 2 divide 562?
True
Does 18 divide 2952?
True
Is 33 a factor of 2243?
False
Is 11 a factor of 4606?
False
Is 19 a factor of 1457?
False
Is 27350 a multiple of 50?
True
Does 141 divide 12946?
False
Is 2465 a multiple of 5?
True
Does 7 divide 5061?
True
Does 9 divide 955?
False
Is 13 a factor of 8385?
True
Is 4087 a multiple of 67?
True
Is 15 a factor of 151476?
False
Does 246 divide 5254?
False
Does 71 divide 13330?
False
Is 247 a factor of 26013?
False
Does 2 divide 471?
False
Does 63 divide 20595?
False
Is 716 a multiple of 6?
False
Is 2582 a multiple of 50?
False
Does 10 divide 96819?
False
Is 11 a factor of 1824?
False
Is 656 a multiple of 19?
False
Is 252 a factor of 8579?
False
Is 35277 a multiple of 229?
False
Is 7399 a multiple of 49?
True
Is 39 a factor of 2181?
False
Does 11 divide 704?
True
Does 14 divide 26?
False
Does 13 divide 414?
False
Is 4 a factor of 40?
True
Is 11 a factor of 25438?
False
Is 49 a factor of 6517?
True
Is 618 a multiple of 6?
True
Does 26 divide 702?
True
Is 435 a multiple of 29?
True
Is 24684 a multiple of 66?
True
Is 61 a factor of 9272?
True
Is 52 a factor of 30404?
False
Is 35 a factor of 3471?
False
Is 214 a multiple of 4?
False
Does 115 divide 3910?
True
Is 21 a factor of 21?
True
Does 94 divide 46153?
False
Does 8 divide 296?
True
Is 284 a multiple of 8?
False
Is 83 a factor of 45733?
True
Does 4 divide 14301?
False
Is 7 a factor of 1200?
False
Is 41140 a multiple of 121?
True
Is 52 a factor of 3573?
False
Does 85 divide 3942?
False
Is 2297 a multiple of 17?
False
Does 6 divide 644?
False
Is 533 a multiple of 8?
False
Is 573 a multiple of 5?
False
Is 37 a factor of 2146?
True
Is 16 a factor of 20128?
True
Is 71 a factor of 424?
False
Is 18 a factor of 216?
True
Is 11384 a multiple of 8?
True
Is 24 a factor of 10350?
False
Does 8 divide 1919?
False
Is 101060 a multiple of 326?
True
Is 1631 a multiple of 43?
False
Is 7910 a multiple of 3?
False
Does 33 divide 27555?
True
Is 1104 a multiple of 16?
True
Does 272 divide 14416?
True
Is 11783 a multiple of 10?
False
Is 7 a factor of 224?
True
Does 122 divide 22448?
True
Does 11 divide 286?
True
Is 2 a factor of 1309?
False
Is 9912 a multiple of 177?
True
Does 93 divide 3255?
True
Does 106 divide 9202?
False
Does 14 divide 2277?
False
Does 8 divide 542?
False
Is 17 a multiple of 9?
False
Is 152 a multiple of 5?
False
Is 13097 a multiple of 341?
False
Does 8 divide 1176?
True
Is 39 a factor of 925?
False
Does 7 divide 21036?
False
Is 29 a factor of 12406?
False
Is 705 a multiple of 15?
True
Is 7 a factor of 168?
True
Does 10 divide 18600?
True
Does 29 divide 778?
False
Is 12 a factor of 12060?
True
Is 3639 a multiple of 5?
False
Does 25 divide 4745?
False
Does 12 divide 7564?
False
Does 21 divide 17031?
True
Does 59 divide 4583?
False
Is 924 a multiple of 169?
False
Is 117 a multiple of 38?
False
Is 702 a multiple of 3?
True
Is 9 a factor of 18630?
True
Is 13 a factor of 2087?
False
Is 420 a multiple of 28?
True
Does 59 divide 550?
False
Is 55 a factor of 111?
False
Does 88 divide 1137?
False
Is 15630 a multiple of 13?
False
Does 21 divide 28770?
True
Is 11 a factor of 619?
False
Is 125 a factor of 500?
True
Does 19 divide 12825?
True
Is 49 a factor of 245?
True
Is 5890 a multiple of 5?
True
Is 37018 a multiple of 83?
True
Is 784 a multiple of 24?
False
Does 73 divide 1241?
True
Is 352 a multiple of 50?
False
Is 81 a factor of 136485?
True
Does 8 divide 1328?
True
Is 224 a factor of 58792?
False
Does 7 divide 4893?
True
Is 2350 a multiple of 47?
True
Is 71600 a multiple of 20?
True
Does 12 divide 2871?
False
Is 13933 a multiple of 14?
False
Does 69 divide 7139?
False
Is 4 a factor of 1998?
False
Is 3 a factor of 3092?
False
Does 22 divide 36960?
True
Is 8 a factor of 62?
False
Is 308 a multiple of 51?
False
Is 36 a factor of 360?
True
Is 16236 a multiple of 12?
True
Does 174 divide 84179?
False
Is 374 a multiple of 17?
True
Is 52 a factor of 4715?
False
Is 4 a factor of 44018?
False
Is 2228 a multiple of 10?
False
Is 28 a factor of 28?
True
Is 20 a factor of 5300?
True
Is 25 a factor of 1718?
False
Does 8 divide 4256?
True
Is 34 a factor of 34?
True
Is 143 a multiple of 11?
True
Is 6057 a multiple of 9?
True
Is 114057 a multiple of 69?
True
Is 292 a multiple of 43?
False
Is 30 a factor of 279?
False
Is 100752 a multiple of 8?
True
Is 97 a factor of 13788?
False
Is 9636 a multiple of 33?
True
Does 9 divide 6043?
False
Is 115 a factor of 1380?
True
Is 237 a factor of 13804?
False
Does 5 divide 85?
True
Is 4101 a multiple of 50?
False
Is 15828 a multiple of 111?
False
Is 24 a factor of 1345?
False
Is 2322 a multiple of 9?
True
Is 8 a factor of 17376?
True
Does 41 divide 492?
True
Is 15 a factor of 4957?
False
Is 43296 a multiple of 31?
False
Does 52 divide 15392?
True
Does 11 divide 58256?
True
Does 19 divide 1261?
False
Does 17 divide 1016?
False
Does 13 divide 1202?
False
Is 1540 a multiple of 14?
True
Does 33 divide 12144?
True
Is 18054 a multiple of 34?
True
Does 10 divide 4540?
True
Is 143 a factor of 12801?
False
Is 3 a factor of 2595?
True
Does 22 divide 2980?
False
Is 1863 a multiple of 81?
True
Is 42 a factor of 46704?
True
Is 25 a factor of 375?
True
Is 323 a multiple of 31?
False
Is 27118 a multiple of 144?
False
Is 120 a multiple of 40?
True
Does 32 divide 3520?
True
Does 6 divide 7398?
True
Does 9 divide 1717?
False
Does 15 divide 30?
True
Does 4 divide 6160?
True
Does 46 divide 24656?
True
Does 43 divide 989?
True
Is 22 a factor of 1980?
True
Is 98 a multiple of 6?
False
Is 9 a factor of 19463?
False
Does 12 divide 618?
False
Is 3 a factor of 281?
False
Is 5 a factor of 305?
True
Does 12 divide 5832?
True
Is 202 a factor of 61610?
True
Does 90 divide 72742?
False
Is 69 a factor of 3728?
False
Does 11 divide 22418?
True
Does 15 divide 285?
True
Is 10 a factor of 500?
True
Does 4 divide 112?
True
Does 28 divide 3696?
True
Is 9135 a multiple of 7?
True
Is 11656 a multiple of 47?
True
Does 2 divide 1275?
False
Is 37 a multiple of 37?
True
Is 215 a multiple of 3?
False
Is 246 a multiple of 48?
False
Is 49 a factor of 9546?
False
Does 51 divide 504?
False
Is 540 a multiple of 10?
True
Is 7 a factor of 469?
True
Does 29 divide 9106?
True
Is 26035 a multiple of 127?
True
Is 1491 a multiple of 21?
True
Does 30 divide 55260?
True
Does 178 divide 77608?
True
Is 4908 a multiple of 36?
False
Is 89 a multiple of 8?
False
Is 165 a multiple of 76?
False
Is 2 a factor of 53?
False
Does 30 divide 17778?
False
Does 66 divide 1165?
False
Is 1209 a multiple of 5?
False
Is 28 a factor of 6191?
False
Does 21 divide 2436?
True
Does 25 divide 96325?
True
Is 3 a factor of 129?
True
Is 15 a factor of 2490?
True
Does 18 divide 270?
True
Does 66 divide 72930?
True
Does 173 divide 10899?
True
Is 2415 a multiple of 23?
True
Does 14 divide 5880?
True
Is 66 a factor of 531?
False
Does 85 divide 2495?
False
Is 42 a factor of 45108?
True
Is 4488 a multiple of 66?
True
Is 803 a multiple of 6?
False
Is 26 a factor of 411?
False
Is 9720 a multiple of 20?
True
Is 16 a factor of 576?
True
Is 54 a factor of 4104?
True
Is 49 a factor of 5001?
False
Is 8601 a multiple of 22?
False
Is 652 a multiple of 97?
False
Is 9 a factor of 3353?
False
Does 18 divide 444?
False
Does 80 divide 4015?
False
Is 187 a multiple of 3?
False
Is 8584 a multiple of 4?
True
Does 84 divide 672?
True
Is 11 a factor of 5925?
False
Is 16470 a multiple of 90?
True
Does 155 divide 51971?
False
Does 20 divide 9805?
False